{"id":39,"date":"2022-08-07T22:20:40","date_gmt":"2022-08-07T20:20:40","guid":{"rendered":"http:\/\/c-d-b.at\/?page_id=39"},"modified":"2022-08-07T22:20:40","modified_gmt":"2022-08-07T20:20:40","slug":"hello-world-hello-life","status":"publish","type":"page","link":"https:\/\/c-d-b.at\/","title":{"rendered":"Hello world &#8211; Hello life"},"content":{"rendered":"\n<p>Vor einigen Jahren habe ich die Domain f\u00fcr mich registriert aber ernsthaften Inhalt daf\u00fcr habe ich nicht gefunden aber hergeben war irgendwie auch nie eine Option. Ich hatte eigentlich einige Projekte damit vor, aber irgendwie sind diese im Sand verlaufen.<\/p>\n\n\n\n<p>Vor Kurzem hat sich in meinem K\u00f6rper (oder war es doch der Geist) etwas ver\u00e4ndert, der gesagt hat: <\/p>\n\n\n\n<p class=\"has-text-align-center\"><strong>&#8222;Du bist nicht in deiner Mitte &#8211; irgendwas stimmt mit dir nicht&#8220;<\/strong><\/p>\n\n\n\n<p>und ich habe gemerkt, es ist Zeit etwas zu \u00e4ndern.<\/p>\n\n\n\n<p>Ich habe angefangen, mein Leben &#8211; wie es war und wie ich es mir eigentlich vorgestellt habe &#8211; zu reflektieren und bin auf eine hei\u00dfe Spur gesto\u00dfen. <\/p>\n\n\n\n<p>Ich war irgendwie mein ganzes Leben auf der Suche nach meinem eigenen Gl\u00fcck und wurde dadurch wirklich rastlos. Ich habe versucht, es immer allen Recht zu machen und hab dabei aber komplett auf mich selbst vergessen und verlernt, mit dem gl\u00fccklich zu sein, was ich habe. <\/p>\n\n\n\n<p>Es brennen irgendwie ganz viele Situationen in meinem Kopf, die raus m\u00fcssen, aber irgendwie kein Geh\u00f6r finden bzw. ich nicht wei\u00df, mit wem ich offen dar\u00fcber reden kann bzw. wer mich versteht. Auch ist mein Kopf voll mit Ideen, die ich eigentlich verwirklichen wollte, es mir aber immer am notwendigen Mut gefehlt hat bzw. ich immer die Ideen anderer f\u00fcr mich verwirklicht habe, anstatt <strong>meine <\/strong>Ideen in die Tat umzusetzen und zu realisieren.<\/p>\n\n\n\n<p>Jetzt wurde mir auch bewusst, warum ich die Domain so lange ungenutzt gelassen und trotzdem behalten habe &#8211; um meine Ideen in die Welt zu tragen und mit einer mir vertrauten Person zu teilen &#8211; n\u00e4mlich <strong>mir selbst<\/strong>.<\/p>\n\n\n\n<p><strong>Keine Kommentare!<\/strong><\/p>\n\n\n\n<p>Egal wer diesen Blog liest oder lesen sollte, soll bitte nicht b\u00f6se sein, dass ich die Kommentarfunktion deaktiviert habe. Ich m\u00f6chte hier momentan alleine meinen Weg finden und mein Kopf ist aktuell ein einziger Saustall und ich m\u00f6chte ihn von allem und alten M\u00fcll bereinigen und es f\u00fchlt sich momentan ohne Ablenkung f\u00fcr mich stimmiger an.<\/p>\n","protected":false},"excerpt":{"rendered":"<p>Vor einigen Jahren habe ich die Domain f\u00fcr mich registriert aber ernsthaften Inhalt daf\u00fcr habe ich nicht gefunden aber hergeben war irgendwie auch nie eine Option. Ich hatte eigentlich einige Projekte damit vor, aber irgendwie sind diese im Sand verlaufen. &hellip; <a href=\"https:\/\/c-d-b.at\/\">Weiterlesen <span class=\"meta-nav\">&rarr;<\/span><\/a><\/p>\n","protected":false},"author":1,"featured_media":0,"parent":0,"menu_order":0,"comment_status":"closed","ping_status":"closed","template":"","meta":{"footnotes":""},"class_list":["post-39","page","type-page","status-publish","hentry"],"jetpack_sharing_enabled":true,"_links":{"self":[{"href":"https:\/\/c-d-b.at\/index.php\/wp-json\/wp\/v2\/pages\/39","targetHints":{"allow":["GET"]}}],"collection":[{"href":"https:\/\/c-d-b.at\/index.php\/wp-json\/wp\/v2\/pages"}],"about":[{"href":"https:\/\/c-d-b.at\/index.php\/wp-json\/wp\/v2\/types\/page"}],"author":[{"embeddable":true,"href":"https:\/\/c-d-b.at\/index.php\/wp-json\/wp\/v2\/users\/1"}],"replies":[{"embeddable":true,"href":"https:\/\/c-d-b.at\/index.php\/wp-json\/wp\/v2\/comments?post=39"}],"version-history":[{"count":2,"href":"https:\/\/c-d-b.at\/index.php\/wp-json\/wp\/v2\/pages\/39\/revisions"}],"predecessor-version":[{"id":41,"href":"https:\/\/c-d-b.at\/index.php\/wp-json\/wp\/v2\/pages\/39\/revisions\/41"}],"wp:attachment":[{"href":"https:\/\/c-d-b.at\/index.php\/wp-json\/wp\/v2\/media?parent=39"}],"curies":[{"name":"wp","href":"https:\/\/api.w.org\/{rel}","templated":true}]}}